5*h. Let y = h - -645. What is the thousands digit of y?
1
Suppose 0*q + 8 = 2*q. Let d(s) = 3*s + 0 + 1 - q - 2 + 4*s**2. What is the tens digit of d(4)?
7
Let v be (17556/22)/(-1*2). Let c = 1200 + v. What is the tens digit of c?
0
Suppose 73134 = 8*s + 5*s - 91199. What is the tens digit of s?
4
Let i = 72 + -73. Let g be (0 - i)/(1/3). Suppose 265 = g*m - 2. What is the tens digit of m?
8
Suppose 38*h - 188965 = -25*h + 28*h. What is the tens digit of h?
9
Let n(f) = 124*f + 5140. What is the thousands digit of n(113)?
9
Let p(x) = -12611*x + 3369. What is the thousands digit of p(-4)?
3
Suppose -c = m + 35 - 308, 0 = -4*c + 2*m + 1122. Let j = 141 + c. What is the hundreds digit of j?
4
What is the thousands digit of (-385 + 42274)*(0 + 1)?
1
What is the units digit of 2646/(-315)*(-11950)/15?
2
Let v(n) = -72*n + 410. What is the hundreds digit of v(-26)?
2
Let z(c) = -c**3 + 15*c**2 + 15*c + 19. Let t be z(16). Let j(b) = 10 - 2 + 14*b - 3. What is the tens digit of j(t)?
4
Let f(y) = -6 + 5*y - y**3 + 3*y**3 - 2*y + 4*y - 8*y**2. Let t be f(7). Suppose 2*g - 2*s - 214 = 0, 3*g - s + 2*s = t. What is the hundreds digit of g?
1
Let c(i) = 14*i - 29. Let r = 45 + -87. Let d be (18/(-7))/(9/r). What is the hundreds digit of c(d)?
1
Let u(l) = -12*l + 450. What is the tens digit of u(20)?
1
Let x = 544 - 220. Let u = x + -93. What is the hundreds digit of u?
2
Let s(z) = -680*z**3 + 11*z**2 + 10*z - 1. What is the units digit of s(-1)?
0
Suppose 12 = 2*o - 3*g, -2 = 5*g + 8. Suppose -o*k + 4*q + 2623 = 0, 3464 = 4*k - 7*q + 10*q. What is the tens digit of k?
6
Suppose -7*x + 12 = k - 4*x, 4*k - 18 = -2*x. Suppose -5*v - 2456 = -3*z, 5*z - 815 - 3301 = -k*v. What is the hundreds digit of z?
8
Suppose 0 = 85*d - 96984 - 168896. What is the units digit of d?
8
Let h be ((-10)/3 - (-4)/12) + 58. Suppose 5*u - h = -6*i + 3*i, -4 = 2*u - 4*i. Suppose 0 = -u*b + 7*b + 75. What is the units digit of b?
5
Suppose -247*t + 3512679 = -146*t. What is the hundreds digit of t?
7
Let c(y) = 2*y - 7. Let m be c(5). Suppose m*x + 20 = 7*x. Let k(r) = r**3 - 3*r**2 - 9*r + 11. What is the tens digit of k(x)?
1
Suppose -11 - 21 = 4*l - 4*a, 0 = -5*l - 4*a - 76. What is the tens digit of (2755/(-20) - -7)/(3/l)?
2
Let l(a) = 3*a**2 + 11*a + 7. Let j = 104 + -41. Let g = 58 - j. What is the tens digit of l(g)?
2
Let l(g) = -194*g - 112. Let c be l(-28). Suppose 3550 = 2*p - 2*i, 3*p + 7*i - c = 5*i. What is the hundreds digit of p?
7
Let t(c) = 3*c**3 - 22*c**2 - 98*c + 23. What is the hundreds digit of t(19)?
7
Let o(b) = 66*b + 46. Let v be o(10). Let t = -292 + v. What is the units digit of t?
4
Let z(t) = 2888*t - 3681. What is the ten thousands digit of z(21)?
5
Let w be 1 + 5 - (4 - (-2 - -2)). What is the tens digit of -1 + (-13038)/(-12) + 1/w?
8
Let j = 529 - 529. Suppose j = 101*z - 108*z + 3745. What is the units digit of z?
5
Let s = -66 + 66. Suppose -4*f + 23 + 25 = s. Suppose 137 = -f*a + 13*a. What is the hundreds digit of a?
1
Let k(g) = -13*g**3 + 6*g**2 + 38*g + 237. What is the hundreds digit of k(-9)?
8
Let o = -17453 - -23986. What is the thousands digit of o?
6
Let z(m) = m**3 + 8*m**2 + 10*m + 3. Let x be z(-5). Let s = 72 + x. Let n = 306 - s. What is the hundreds digit of n?
2
Let x(h) = -2*h + 6. Let m be x(0). Let u(l) = -11*l + 2. Let i(p) = p. Let j(q) = 3*i(q) - u(q). What is the tens digit of j(m)?
8
Let b = -182 + 73. Let f = -101 - b. What is the units digit of f?
8
Let c be -1 - (2/(-3))/(12/2286). Suppose 135 = 3*l - 4*r - c, -174 = -2*l + 5*r. Suppose 4 = -b - 2*k + 39, -3*b + 3*k = -l. What is the units digit of b?
1
Let b = -164 - -187. Suppose b*f - 3987 = 2890. What is the units digit of f?
9
Suppose 0 = -4*r + 4*z + 15 + 1, 4*r + 2*z + 14 = 0. What is the hundreds digit of (r/((-2)/11))/(9/738)?
4
Let k(h) = -h**3 + h**2 - 4*h - 7. Let a be k(3). Let q = a + 399. What is the units digit of q?
2
Let q = 792 - -972. What is the hundreds digit of q?
7
Let v(y) = -y**3 - 18*y**2 + 38*y - 20. Let j be v(-20). What is the hundreds digit of 591*j/72*6?
9
Suppose l = -3*d + 86293, 2*d - 6*l + 9*l - 57545 = 0. What is the ten thousands digit of d?
2
Let p be (-216)/(-14) + 9/(-21). Suppose 0 = -3*f + p*f - 1104. What is the units digit of f?
2
Let f be 4/8 + 220/40. Let y(r) = 36*r**2 - 17*r - 7. What is the units digit of y(f)?
7
Suppose -4*p + 42618 = -2*t, -4*p = t - 35615 - 7030. What is the hundreds digit of p?
6
Suppose -4*n - 4412 - 5176 = -81172. What is the tens digit of n?
9
What is the thousands digit of (7 + -1)/((-15)/(-98255))?
9
Let p(o) = 4*o - 6*o + 7*o - 10 - 16. Let i be p(14). Let c = i - 30. What is the units digit of c?
4
Let u(g) = g**2 + 11*g - 20. Let i be u(12). What is the tens digit of ((-130)/4)/((-16)/i)?
2
What is the units digit of -4 + ((-2)/(-9) - (-40)/(-18)) + 11411?
5
Let j(y) = -10*y - 47. Let h(w) = w**2 + 15*w + 4. Let r be h(-14). What is the units digit of j(r)?
3
What is the units digit of 220/88*(8312 + -2 + 4)?
5
Suppose -3*n - 5*c + 8 = 0, -22 + 24 = 2*n + 5*c. Let t = 1 - 0. What is the units digit of (-5)/(-1 + n) + 54/t?
3
What is the ten thousands digit of 22573 + (-10 + -6)/(-16)?
2
Let k(v) = 414*v**3 + v**2 + 103*v - 439. What is the thousands digit of k(4)?
6
Suppose -2*m = -5*a + 75985, 13376 + 17039 = 2*a - 5*m. What is the ten thousands digit of a?
1
Suppose 13*w = -6*w + 17*w + 30966. What is the units digit of w?
3
Let m be 0 + -1 + 4 + 632 + -3. What is the hundreds digit of (m/(-20))/(11/(-110))?
3
Let t = 82 - 82. Suppose -2*f - l = -759, t*l = 5*f - 3*l - 1914. What is the tens digit of f?
8
Suppose 0 = 5*v + 3*z - 2708 - 2299, 5*v - 4987 = 2*z. Let b = v - 380. What is the tens digit of b?
1
Suppose b - 138 = 370. Suppose -4*s + b = -616. What is the hundreds digit of s?
2
Let s = -15108 + 31572. What is the thousands digit of s?
6
Suppose 2*n - 17 = -3*a - 0, 4*n - 10 = 2*a. What is the tens digit of 1638 + 1/(4/(a*-4))?
3
Suppose 0 = -2*p + 9*p - 28. Suppose 4 = p*d, 3*j - 418 - 514 = -2*d. What is the units digit of j?
0
Suppose -4*f = -f - 42. Let t(o) = 25*o + 41. Let d(p) = -12*p - 21. Let z(i) = f*d(i) + 6*t(i). What is the tens digit of z(-6)?
6
Let g = 93 - 76. Suppose -16*u = -15*u - g. Let h(r) = r**3 - 18*r**2 + 20*r + 16. What is the units digit of h(u)?
7
Suppose -j + 0*j + 7 = 0. Suppose -8*v = -j*v - 236. Let o = -83 + v. What is the tens digit of o?
5
Let i = -1810 + 5494. What is the units digit of i?
4
Suppose 2*k + 4*c - 11630 = 0, -2*c - 2961 - 2866 = -k. What is the tens digit of k?
2
Let m = -29006 - -41955. What is the hundreds digit of m?
9
Let b(q) = 14629*q - 1505. What is the thousands digit of b(3)?
2
Let z be 4*(5 + -6) - (-9)/(-1). What is the hundreds digit of (2/z - (-65172)/(-234))*-3?
8
Let k = 247 - -37. What is the tens digit of k + 12/(-8 - -4)?
8
Let a(w) = -w**3 - 24*w**2 - 4*w - 46. Let o be a(-14). Let t be (24/(-10))/(3 + 5855/o). Suppose -t = -7*z + z. What is the units digit of z?
6
Suppose 15191706 - 927309 = 555*d - 2532123. What is the tens digit of d?
6
Suppose 0 = 5*h, 4*h + 0*h = j - 9. Suppose 0 = -n - j + 2. Let r = 37 + n. What is the tens digit of r?
3
Suppose 3*a + 6172 = -48*d + 53*d, 0 = 2*d + 2*a - 2440. What is the units digit of d?
9
Let s = -22 - -26. Let p(k) = -k**3 + 5*k**2 - 5*k - 1. Let m be p(s). Let y(d) = -d**3 - 5*d**2 - 4*d + 9. What is the units digit of y(m)?
9
What is the hundreds digit of (62473*-1 + -1)/(190/(-95))?
2
Suppose 159*g - 133743 = 1420005. What is the units digit of g?
2
Let z = -6580 + 20166. What is the units digit of z?
6
Let k(b) = -4*b + 48. Let x be k(27). Suppose -5*s + 5 - 180 = 0. Let l = s - x. What is the units digit of l?
5
Let g(t) = 3*t + 10. Let p be 6*-1*-4*(-1)/2. Let n be g(p). What is the hundreds digit of 46*(-3 + n/(-4))?
1
Suppose 0 = -271*y - 184*y + 18109000. What is the thousands digit of y?
9
Suppose -35*d + 12376 = 3*y - 36*d, y + d - 4120 = 0. What is the units digit of y?
4
Let l(n) = -5*n - 70. Let i be l(-21). Suppose -i*b + 12068 = -12677. What is the tens digit of b?
0
Let a = -577 - -1556. Suppose -10*i = i - a. What is the tens digit of 13/13*i*1?
8
What is the ten thousands digit of 3 + 5 + 258865/3 + 4/6?
8
Let d be (-12)/1*(140/15)/(-7)